-2575)/3)/5*(4 + -7) - -8?
9
Suppose 28*y - 22*y + 480 = 0. Let z = 97 + y. Calculate the remainder when z is divided by 2.
1
What is the remainder when (-12)/(-64)*(-1924)/(-39)*148 is divided by 32?
25
Suppose -8 = l - 4*u, 4 = -l + 3*l + 2*u. Suppose -75 + l = -5*w. Suppose 67 = 3*t - d, -7*t = -4*t + 5*d - 79. Calculate the remainder when t is divided by w.
8
Let g(a) = -2*a**3 - 6*a**2 + 4. Suppose m = 5*z + 1, 4*z = 5*m + 2*z + 18. Calculate the remainder when 88 is divided by g(m).
16
Let h = 2 + 2. Let s(m) be the third derivative of m**6/120 - m**5/15 + 5*m**4/12 - 3*m**3 + m**2 - 862*m - 1. What is the remainder when s(h) is divided by 13?
9
Let k = -168 - -174. Let t(d) = -d**3 + 9*d**2 - 4*d + 5. Calculate the remainder when t(8) is divided by (4/k)/(12/234).
11
Let q = 418 + -153. What is the remainder when q is divided by 75?
40
Suppose -57 = -5*k + 113 + 120. What is the remainder when 1178 is divided by k?
18
Let y(f) = 10*f - 1. Suppose -11*o + 276 = -9*o. Suppose 10*x - o = 4*x. Calculate the remainder when x is divided by y(1).
5
Suppose -68*u = -59*u - 171. Suppose -5*a = 5*n - 0 - 285, -4*a = 3*n - 175. What is the remainder when n is divided by u?
15
What is the remainder when (-4)/90 + 66571314/14715 is divided by 31?
29
Suppose 21 = 3*f + 3*m, 5*f - 20*m - 15 = -21*m. What is the remainder when 845 is divided by f*53*(6 + 22/(-4))?
50
Suppose -7*j + 3*j = -2*b + 446, -5*b + 1175 = 5*j. Suppose 2*d + 53 - b = 0. Calculate the remainder when d is divided by 13.
11
Suppose -4*t = u - 9*t - 1029, 0 = -2*t - 8. What is the remainder when u is divided by 5?
4
Suppose -16 = g - 5*g. Let i be 273 - g/(-12)*-3. Suppose -1 = k, -3*b + k + i = 2*k. What is the remainder when b is divided by 16?
11
Suppose 2*s - 5*a - 104 = 0, -99*s - 4*a = -104*s + 328. Calculate the remainder when 1798 is divided by s.
70
Let g(i) be the first derivative of -i**4/4 + 7*i**3/3 - 6*i**2 + 17*i - 185. Calculate the remainder when 272 is divided by g(5).
6
What is the remainder when 4/16 + (-41030)/(-40) is divided by 21?
18
Suppose 0 = 3*s + 5*w - 15 - 26, -2*s = 2*w - 26. Calculate the remainder when s is divided by 1.
0
Suppose -2*i - 2 = 3*o - 16, 2*o - i - 7 = 0. Suppose 0*f + 92 = o*k + 4*f, 0 = -2*k + 2*f + 54. What is the remainder when k is divided by 19?
6
Suppose -o = -3*o + 226. Let p(d) = -21*d**2 + 2399*d + 1863. Calculate the remainder when o is divided by p(115).
21
What is the remainder when 2*(30 + -3 - 1) is divided by (-6 + (-6)/2)/((-26)/26)?
7
Suppose -4*r + 2730 = 6*r - 3400. What is the remainder when r is divided by 129?
97
Suppose 0 = -n + 2*n - 14. Suppose -4*h + w + 14 = 3*w, -22 = -2*h + 4*w. Suppose -h = b - 43. What is the remainder when b is divided by n?
10
What is the remainder when (280 - 277) + (-1 - -1760) is divided by 93?
88
Suppose -16 - 14 = -2*y. Suppose -141 = -23*i + 24*i. Let m = -39 - i. Calculate the remainder when m is divided by y.
12
Calculate the remainder when ((-68)/340)/(14/(-30)) + (-8506)/(-14) is divided by 126.
104
What is the remainder when 22/33*-3*(2 - 255) is divided by 51?
47
Let y = 168 + -166. What is the remainder when 49 is divided by (10 + y)*12/40*5?
13
Suppose 2*q - 6 - 2 = 0. Suppose q*f + 21 = 7*f. What is the remainder when f is divided by (-16 + 17 + (-10 - -6))/(-1)?
1
Suppose 9*v - 13*v = -4072. What is the remainder when v is divided by 54?
46
Let z = -31 - -61. What is the remainder when 8 + (1463/7 - 10) is divided by z?
27
Let x = -5377 + 5392. Calculate the remainder when 161 is divided by x.
11
Suppose 1974 - 960 = 62*s - 2086. What is the remainder when 693 is divided by s?
43
Suppose 35369 + 67165 = 46*g. Calculate the remainder when g is divided by 18.
15
Let h(v) = -2*v + 1. Let w(p) = -14*p - 196. Let i(l) = 4*h(l) - w(l). Calculate the remainder when 178 is divided by i(-29).
22
Suppose v + 1 = 0, -3*v + 15 - 99 = -3*k. What is the remainder when 1183 is divided by k?
22
Suppose 0*v + 45 = 5*v. Suppose -u - u = -6. Suppose u*f - 67 - 2 = -3*r, -5*f + r + 121 = 0. Calculate the remainder when f is divided by v.
6
Let k(r) = -6*r**3 + 5*r**2 + 6*r - 7. Let q(c) = 7*c**3 - 6*c**2 - 7*c + 5. Let y(h) = -6*k(h) - 5*q(h). Calculate the remainder when y(0) is divided by 8.
1
Let o(i) = 4*i**2 - 506*i + 175. Calculate the remainder when o(127) is divided by 62.
57
Suppose 0 = 53*c + 36*c - 4539. Calculate the remainder when 1170 is divided by c.
48
Suppose 1079 = -14*y + 4635. Let q = y + -242. Calculate the remainder when 66 is divided by q.
6
Suppose 1 = 3*r + 2*w - 7, -w + 4 = r. Suppose -2 = -j - r*j. What is the remainder when 4 is divided by j?
0
Suppose 13*s = -51229 + 82650. Calculate the remainder when s is divided by 62.
61
Suppose 206 = 2*b - y, -6*y + 10*y = 5*b - 509. Let x = -83 + b. Calculate the remainder when x is divided by 10.
2
Suppose f - 120 = -8*v + 7*v, 3*v - 5*f = 352. What is the remainder when 584 is divided by v?
108
Let t(g) = -g**2 + g + 20. Let j be t(-4). What is the remainder when (-3)/6 + j - (-3321)/18 is divided by 17?
14
Suppose 2*o + 2*b - 5 = -1, 4*b - 20 = 0. What is the remainder when 18*1*(-16)/(-12) is divided by (2 + -2)/o - -13?
11
Suppose 2*x + 4*i - 154 = 0, 3*x + 0*i + 5*i = 228. Suppose 1220 = x*w - 3963. Calculate the remainder when w is divided by 24.
1
Suppose -55*i + 8750 + 6636 = -5569. Calculate the remainder when i is divided by (-3)/((-18)/16 - -1).
21
Let r(i) = 189*i - 2391. What is the remainder when 57485 is divided by r(13)?
65
Let u = -22 - 9. Let v = u + 186. Calculate the remainder when v is divided by 20.
15
Let u(q) = 31*q - 1156. Calculate the remainder when 56 is divided by u(38).
12
Suppose -13*y + 16*y - 51 = 0. What is the remainder when (-1 - -10)/((-7)/98 - (-31)/217) is divided by y?
7
Let q(h) = -h**3 - 44*h**2 - 124*h + 9. Calculate the remainder when 158 is divided by q(-41).
8
Calculate the remainder when 488 is divided by 6656/68 + (-4)/(-34).
96
Let y(c) = -297*c - 1624. Calculate the remainder when y(-6) is divided by 53.
52
Suppose -k = 5*q - 471, -5 = k - 1. Suppose -8*g = -12*g - 5*w + 105, -5*g + w = -q. Let y = -5 + 17. Calculate the remainder when g is divided by y.
8
Let f(k) = -28*k - 3. Let m be f(-17). Let l = m - -45. What is the remainder when l is divided by 52?
50
Suppose -10*u = u - 1705. What is the remainder when u is divided by 152?
3
Suppose o + 0*o - 24 = 0. Let k(w) = w**3 - 2*w**2 + 3*w - 4. Let b be k(2). Suppose -b*j - j = -285. What is the remainder when j is divided by o?
23
Suppose 0 = -3*a - 3*q + 63, q - 6*q = 3*a - 59. Suppose 7*j = 1864 - 1808. What is the remainder when a is divided by j?
7
Suppose h = -g - 4*g + 966, 0 = g - 3*h - 206. Let s be -2 - 11/(44/372). Let c = g + s. Calculate the remainder when c is divided by 50.
49
Calculate the remainder when 970 is divided by (9 + -1)/(-33*(-1)/1155).
130
Calculate the remainder when 5231 is divided by 55/176*68 + 9/12.
17
Let c(w) = w + 11. Let q be 59 + -2 + (-2 - -1). Suppose 2*i + 5*i + q = 0. What is the remainder when 7 is divided by c(i)?
1
Suppose d + 386*j - 340 = 391*j, -d - 5*j + 430 = 0. Calculate the remainder when 1934 is divided by d.
9
Let b = -414 + 1111. Suppose 4*k - 635 = b. What is the remainder when k is divided by 28?
25
Let a(n) = n**3 - 4*n**2 - 49*n - 862. Suppose -h = -50 + 4. Calculate the remainder when h is divided by a(13).
2
Let i(f) = -4*f + 10. Let y be i(2). Suppose 52 = 3*d + r, 4*d + 2*r - 56 = -y*r. Calculate the remainder when 91 is divided by d.
15
Let o = 120 - 52. Suppose 226 = 15*h + 6 - 50. What is the remainder when o is divided by h?
14
Let u be 576/30*20/6. Suppose -2*c = -4*g - u, 3*c - 2*g - g = 102. Let i = c + -24. Calculate the remainder when 34 is divided by i.
10
Calculate the remainder when 504/(-10)*470/(-282) is divided by 21.
0
Let z(p) = p**2 + 2*p + 5. Let s be z(-4). Let h = s - 8. Suppose 2*a - a - 4*y - h = 0, -3*a = 5*y + 2. Calculate the remainder when 4 is divided by a.
0
Let u = -608 - -635. Calculate the remainder when 538 is divided by u.
25
Let l(f) = -2*f**3 - 2*f**2 + f + 2. Suppose 1 + 11 = -4*x. What is the remainder when l(x) is divided by -4*(10 + 686/(-56))?
8
Let k(u) = -2*u**2 + 14*u + 7. Let y be k(5). Suppose -159 = 6*o - y. L